 divided by 32?
31
Suppose -20*h + 176 = -19*h. What is the remainder when h is divided by 12/(-14) + 1394/238?
1
Suppose -2*h + 5*u - 142 = 0, -4*h + 3*u = 449 - 137. What is the remainder when 54 is divided by ((-297)/h - 2/3) + 30?
21
Let j be (-4590)/(-8) + (-9)/(-36). Let i = j - 561. Calculate the remainder when 129 is divided by i.
12
Suppose -5*o - 5*i = -124 - 61, o + 2*i - 38 = 0. Suppose -268 = -8*g + o. Calculate the remainder when 150 is divided by g.
36
Suppose -3*l = 2*y - 151, 0*l - l + 48 = 3*y. Suppose -55*a - 80 + 638 = 63. What is the remainder when l is divided by a?
6
Suppose -2*q + 922 = 3*s, 3*s - 232*q - 914 = -230*q. What is the remainder when s is divided by 132?
42
Let c(k) = 2*k + 7. Let y be 1 - 5/(10/36). Let b(r) = -2*r + 3. What is the remainder when b(y) is divided by c(3)?
11
Let g(r) = r**2 + 40*r - 3. Let s(n) = -19*n + 2. Let d(x) = 6*g(x) + 13*s(x). What is the remainder when 225 is divided by d(4)?
73
Let h = -4110 - -4118. What is the remainder when 40 is divided by h?
0
Let m = 28 - 47. Let a = -1952 - -1945. Let p = a - m. What is the remainder when 143 is divided by p?
11
Let q = -149 + 151. Suppose -h + q*h = 3*l + 23, 0 = 5*h - l - 115. Calculate the remainder when 83 is divided by h.
14
Let l = 18 - 3. Suppose 10*x + 491 = 3*u + 5*x, x = 2*u - 325. Calculate the remainder when u is divided by l.
12
Let t = -23 + 35. Let n = -243 - 1311. Let m = n + 1601. Calculate the remainder when m is divided by t.
11
Suppose 30*h + 23436 = 61*h. Suppose 3*l = 4*r + h, 5*l - 286 = 3*r + 974. Calculate the remainder when l is divided by 11.
10
Let u(g) be the third derivative of 16*g**2 - 3/2*g**3 - 1/4*g**4 - 1/15*g**5 + 1/120*g**6 + 0 + 0*g. Calculate the remainder when u(6) is divided by 18.
9
Let v(a) = a**2 + 13*a + 32. Let w be v(-10). Suppose 12 = 3*c + x - w, 2*x = -4*c + 22. Calculate the remainder when 28 is divided by c.
1
Let v(k) = k**2 - 15*k + 12. Let w(u) = u**2 - 17*u + 11. Let f(q) = 5*v(q) - 6*w(q). What is the remainder when 229 is divided by f(26)?
9
Suppose -11*p + 14800 = 26*p. What is the remainder when p is divided by 24?
16
Let a = -460 + 486. Calculate the remainder when (-34*(-1)/3)/(a/390) is divided by 31.
15
Let a = -35577 + 35585. Suppose -5*n + 20 = -2*o, -n - 4*o = -7*o - 4. Suppose 6*z = n*z + 158. What is the remainder when z is divided by a?
7
Let c = 177 - 173. Suppose c*g + 129 = 213. Calculate the remainder when 73 is divided by g.
10
Let b = 15448 - 15311. Suppose -t + 41 = j, -4*j - 52 = -5*t + 3*t. What is the remainder when b is divided by t?
29
Let c(t) = -2*t**3 - 12*t**2 + 72*t + 662. Calculate the remainder when c(-8) is divided by 16.
6
Suppose 5*n - 181 = -4*t, 2*n - 5*t - 235 = -3*n. What is the remainder when 2068 is divided by n?
18
Suppose 3*t - 109 = -4*n - 24, -t + 15 = 4*n. Let h = 32 - t. What is the remainder when 3 is divided by (-3 + 0 - -2)*h?
0
Suppose 0 = -41*a + 23*a + 231 + 1983. Calculate the remainder when 363 is divided by a.
117
Let j = -204 + 216. Suppose 0 = j*w - 485 - 43. What is the remainder when 128 is divided by w?
40
Let d be 1 + (5/2 - (-5)/(-10)). Suppose 0 = g + 5, 0*q + 44 = d*q + 2*g. What is the remainder when 77 is divided by q?
5
Let d be (-2)/((-21)/(-24) + -1). Calculate the remainder when 118 is divided by (12/8)/(1 - 12/d).
4
Let n be ((-6)/4)/((-7)/154). Suppose 0 = -3*s - 4*h - 13, -2*h + h - n = 5*s. Calculate the remainder when (5 + s - 0) + 1 + 5 is divided by 1.
0
Suppose 10 = 3*u + 28. What is the remainder when (244/u)/((-125)/15 - -8) is divided by 30?
2
Suppose 0 = -9*x + 5*x + 800. Suppose 6*b = 2*b - x. Let g = b - -61. What is the remainder when 39 is divided by g?
6
Let z = 415 - 415. Suppose 2*n = 4*k - 120, z = 3*k - 5*n - 67 - 9. Suppose -2*a = -4*a + 254. What is the remainder when a is divided by k?
31
Let n = -3941 - -3959. What is the remainder when 4821 is divided by n?
15
Let j = 4428 - 3932. What is the remainder when j is divided by 52?
28
Suppose 5*y = 5*l - 2*l - 88, 4*y = l - 41. Let w = -2353 + 1281. Let n = -1021 - w. What is the remainder when n is divided by l?
9
Let q(s) = -3*s**2 + 3*s + 2. Let c be q(8). Let d = -83 - c. What is the remainder when d is divided by (0 - -46) + (6/(-2))/1?
40
Let m(r) = -8*r - 17. Let a(y) = y**3 - 4*y**2 + y - 3. Let c be a(4). Let n be c - 3 - (-1*9)/(-3). Calculate the remainder when 112 is divided by m(n).
20
Let p be 30/(7/4 + -1). Suppose 4*a - 16 = 28. Let u = p + a. What is the remainder when u is divided by 11?
7
Suppose 5*t - 3*q + 2 = -4, -3*t = -4*q - 3. Let m be (t/9)/((-4)/(-36)). What is the remainder when 7 is divided by 1*2*(-3)/m - -4?
1
Let b(j) = 11*j**3 + 45*j**2 - 96*j + 6. What is the remainder when b(2) is divided by 50?
32
Calculate the remainder when 784 is divided by ((-18)/(-9) + 245)/1.
43
Let u(p) = -141*p + 702. What is the remainder when u(4) is divided by 33?
6
Let x(s) = 6*s + 53. Let y = 4 + -1. What is the remainder when x(-7) is divided by y?
2
Calculate the remainder when 224 is divided by (-6)/(-3 + 2) + 5/(65/897).
74
Let d(w) = -2*w**3 - w**2 + w + 98. Let s(m) = -2*m**2 - 2*m + 4. Let b be s(-2). What is the remainder when d(b) is divided by 10?
8
Let a = 342 + -186. Suppose a*l - 152*l - 156 = 0. Let v = -7 - -23. Calculate the remainder when l is divided by v.
7
Let m = 2400 - 1768. Calculate the remainder when m is divided by 5.
2
Let d(m) = -13*m**3 + 3*m**2 - m - 4. Let n be d(-2). Suppose 116*r - n*r = 44. What is the remainder when 307 is divided by r?
21
Let x(z) = 2*z**3 - 3*z**3 + 0*z**3 - 2617*z**2 + 23*z + 8 + 2595*z**2. Calculate the remainder when 44 is divided by x(-23).
4
Let n = 893 + -572. What is the remainder when n is divided by 126/15*(-30)/(-18)?
13
Suppose -2*h + 325 = -3*v, h + 7*v = 6*v + 155. What is the remainder when h is divided by 59?
40
Let b = 81 - 34. Let g(i) = 38*i - 526. Let r(v) = -83*v + 1053. Let d(c) = 5*g(c) + 2*r(c). What is the remainder when b is divided by d(23)?
19
Suppose -d = 5*t - 926, -2*t - 61*d = -56*d - 375. What is the remainder when t is divided by 11?
9
Let d(y) = 2*y**3 + 37*y**2 + 21*y - 19. Let c be d(-18). Let x = c - -86. Calculate the remainder when 76 is divided by x.
11
Suppose 13*c - 707 = -4*c + 10*c. Calculate the remainder when c is divided by 24.
5
Let g = 416 + -408. Calculate the remainder when 79 is divided by -5 + (g - (0 + -13)).
15
Let l = 1 - 5. Let v = 12 - 10. Calculate the remainder when (3 - -17)/(-1*l/v) is divided by 6.
4
Suppose 42 - 146 = -6*c + 58. What is the remainder when c is divided by 8?
3
Let i(z) = 178*z**2 - 17*z + 31. Let q be i(2). Suppose 244 = -5*c + q. Calculate the remainder when c is divided by 29.
6
Suppose -5*x = 3*r - 143, 4*r - 148 = 26*x - 22*x. Let v = 0 + 7. Suppose v = 3*f + 5*y - y, -5*y - 7 = 2*f. Calculate the remainder when r is divided by f.
5
What is the remainder when 1 - 196375/(-225) - (-2)/9 is divided by 33?
16
Calculate the remainder when 10778/170*(0 + 15) is divided by 34.
33
Let y(r) = -4*r**2 + 2*r + 2. Let m be y(-1). Calculate the remainder when 100 is divided by ((-98)/21)/(m/18).
16
Let o = -578 + 978. Suppose s + 4*s = o. Suppose 6*f + s - 272 = 0. Calculate the remainder when 95 is divided by f.
31
Let n(w) = 129*w + 14. Calculate the remainder when 191 is divided by n(0).
9
Suppose -5*m - 2*r = -83, -4*r - 7 - 7 = -2*m. Suppose -m*q - 30 = -21*q. Suppose 234 = 14*k - q*k. What is the remainder when 154 is divided by k?
24
Let r = 5080 + -5045. Let y(a) = 4*a**3 - 3*a**2 - 5*a + 3. What is the remainder when y(3) is divided by r?
34
Let v be ((-147)/15)/(6/(-30)). Suppose -4*s = g - v - 145, -4*s + 200 = -2*g. Calculate the remainder when 145 is divided by s.
47
Let c(o) be the first derivative of o**3/3 - o**2/2 - 7*o - 1258. Suppose 0 = -3*j - 0 - 9. What is the remainder when 14 is divided by c(j)?
4
Let z(l) = 4*l**2 + 7*l + 2*l**2 - 4*l**2 + 3 - 3*l**2. Let n be z(7). Suppose 0*k + 33 = n*k. What is the remainder when 29 is divided by k?
7
Let d = -7809 - -7822. Calculate the remainder when 2321 is divided by d.
7
What is the remainder when 1733 + ((-6)/105 - 3633/735) is divided by 288?
0
Calculate the remainder when -4 + 14/4 + 13*90/4 is divided by 41.
5
Let t(h) = 59 - 18*h